{"id":18,"date":"2015-02-13T07:23:47","date_gmt":"2015-02-13T07:23:47","guid":{"rendered":"http:\/\/leavicens.com\/index_.php\/?page_id=18"},"modified":"2020-11-13T13:08:28","modified_gmt":"2020-11-13T12:08:28","slug":"biografia","status":"publish","type":"page","link":"https:\/\/leavicens.com\/es_ES\/biografia\/","title":{"rendered":"Biograf\u00eda"},"content":{"rendered":"<p style=\"text-align: justify;\"><img loading=\"lazy\" class=\"alignleft wp-image-74 size-full\" src=\"https:\/\/leavicens.com\/lvicens\/wp-content\/uploads\/2015\/02\/biografia.png\" alt=\"biografia\" width=\"280\" height=\"400\" \/><\/p>\n<p style=\"text-align: justify;\"><strong>L\u00e9a Vicens<\/strong>, naci\u00f3 en <strong>N\u00eemes<\/strong>, zona amante de las tradiciones, de padres conocedores y respetuosos de estos c\u00f3digos y rituales que hacen grande esa tierra marisme\u00f1a de la <strong>Camarga Francesa<\/strong>, donde conviven toros y caballos aut\u00f3ctonos.<\/p>\n<p style=\"text-align: justify;\">A sus 4 a\u00f1os sus padres le regalaron a <strong><em>Ourasi,<\/em><\/strong> su primer pony. M\u00e1s de 20 a\u00f1os despu\u00e9s, <strong>L\u00e9a Vicens<\/strong> irrumpe en el mundo del rejoneo, con el objetivo de refrescar este bello arte ecuestre con su capacidad, personalidad, doma y temple innato.<\/p>\n<p style=\"text-align: justify;\"><strong>L\u00e9a Vicens<\/strong> que es\u00a0 <strong>Licenciada\u00a0 en biolog\u00eda<\/strong> por\u00a0 la <strong>Universidad de\u00a0 Montpellier<\/strong>, compagin\u00f3 sus estudios con su gran afici\u00f3n. Particip\u00f3 en diversos concursos de labores camperas, hasta conseguir una medalla de <strong>Oro en el Campeonato de Francia de Equitaci\u00f3n de Trabajo.<\/strong><\/p>\n<p style=\"text-align: justify;\">Su intuici\u00f3n y su sensibilidad la convirtieron en una ingeniosa domadora. Esas facilidades le incitar\u00e1n siempre a progresar m\u00e1s all\u00e1 de los l\u00edmites definidos. Una serie de encuentros la acercaron al mundo del campo bravo y del arte del toreo a caballo.<\/p>\n<p style=\"text-align: justify;\">El gran maestro <strong>D. \u00c1ngel Peralta<\/strong> quien, con su largu\u00edsima trayectoria y experiencia, supo ver de inmediato el talento que esta joven francesa pose\u00eda y le propuso formar parte de su equipo de domadores en el <strong>\u2018Rancho El Roc\u00edo\u2019<\/strong> en <strong>La Puebla del R\u00edo <em>(Sevilla)<\/em><\/strong><em>,<\/em> finca donde pastan sus toros bravos y caballos cartujanos. <strong>D. \u00c1ngel Peralta<\/strong> y su hermano <strong>D. Rafael<\/strong> son los precursores y renovadores del rejoneo actual.<\/p>\n<p style=\"text-align: justify;\">Ya en Andaluc\u00eda, durante cuatro a\u00f1os, desde el amanecer hasta el anochecer, se fue ganando sus galones, adquiri\u00f3 con\u00a0 su trabajo su primer potro <strong><em>Gacela,<\/em><\/strong> actualmente figura indiscutible. Dom\u00f3 sus propios caballos, refin\u00f3 su toreo y forj\u00f3 un estilo asentado en su personalidad, prepar\u00e1ndose en la intimidad de la marisma.<\/p>\n<p style=\"text-align: justify;\"><strong>L\u00e9a<\/strong> tiene su propia historia, sus metas muy claras y siempre ha llevado por delante la fidelidad a s\u00ed misma. Desde su primera temporada en 2011, donde oficialmente se convirti\u00f3 en rejoneadora, <strong>L\u00e9a<\/strong> no ha dejado de crecer alcanzando el respeto de compa\u00f1eros y profesionales.<\/p>\n<p style=\"text-align: justify;\">Dotada de un gran carisma y una acusada personalidad, ha logrado llegar a lo m\u00e1s alto del rejoneo y se ha convertido por m\u00e9rito propio en figura indispensable en todas las ferias del gran circuito, triunfando con fuerza en todas las plazas de prestigio.<\/p>\n<p style=\"text-align: justify;\"><strong>L\u00e9a Vicens<\/strong> ha hecho del rejoneo su forma de vida. Y ha sido por pura vocaci\u00f3n, pues su licenciatura en Biolog\u00eda bien podr\u00eda haberle permitido tomar otros caminos. Sin embargo, su amor al toreo a caballo hace tiempo que pudo con todo.<\/p>\n<ul style=\"text-align: justify;\">\n<li>En <strong>2016<\/strong>, <strong>L\u00e9a Vicens<\/strong> finaliz\u00f3 su exitosa temporada en <strong>\u2018Segundo lugar del Escalaf\u00f3n\u2019.<\/strong><\/li>\n<\/ul>\n<ul style=\"text-align: justify;\">\n<li>En <strong>2017,<\/strong> <strong>L\u00e9a Vicens<\/strong>, marc\u00f3 un nuevo <strong>\u2018Hito\u2019<\/strong> en la <strong>\u2018Historia del Rejoneo\u2019<\/strong>, al proclamarse <strong>\u2018Lider del Escalaf\u00f3n\u2019.<\/strong><\/li>\n<\/ul>\n<p style=\"text-align: justify;\">La temporada<strong> 2017<\/strong> es una cumbre en su carrera por la evoluci\u00f3n en su toreo y rotundidad en el triunfo. Sin duda, un pedazo de historia qued\u00f3 en <strong>Istres<\/strong> cuando <strong>indult\u00f3 a un toro <\/strong>de la ganader\u00eda <strong>\u2018El Capea\u2019<\/strong>, era la segunda vez de la historia que se produc\u00eda un indulto en el toreo a caballo.<\/p>\n<ul style=\"text-align: justify;\">\n<li>En <strong>2018<\/strong>, <strong>L\u00e9a Vicens,<\/strong>\u00a0 por <strong>\u2018Segundo a\u00f1o consecutivo acaba 1\u00aa del Escalaf\u00f3n\u2019<\/strong>.<\/li>\n<\/ul>\n<p style=\"text-align: justify;\"><strong>L\u00e9a<\/strong> logr\u00f3 grandes triunfos en escenarios de primera magnitud como <strong>Valencia, Nimes, Bayona<\/strong> y <strong>Bilbao<\/strong> entro otras muchas.<\/p>\n<ul style=\"text-align: justify;\">\n<li>En <strong>2019<\/strong>, <strong>L\u00e9a Vicens<\/strong>,\u00a0 por <strong>\u2018Tercer a\u00f1o consecutivo, Lider del Escalaf\u00f3n\u2019<\/strong>, con 40 festejos, 69 orejas y 2 rabos.<\/li>\n<\/ul>\n<p style=\"text-align: justify;\">El pasado 8 de junio, <strong>L\u00e9a Vicens<\/strong> consigui\u00f3 abrir la <strong>Puerta Grande de Madrid:<\/strong> <strong>Primera mujer de la historia en la Feria de San Isidro<\/strong>\u00a0 y adem\u00e1s, <strong>el torero a caballo<\/strong> que <strong>m\u00e1s orejas cort\u00f3 en plazas de primera categor\u00eda.<\/strong><\/p>\n<p style=\"text-align: justify;\"><em>\u201cDeterminaci\u00f3n y raza han convertido a esta amazona rejoneadora en la primera mujer de la historia en liderar tres a\u00f1os seguidos el escalaf\u00f3n del toreo a caballo. L\u00e9a Vicens triunfa entre los grandes\u201d.<\/em><\/p>\n<p>&nbsp;<\/p>\n<p><a href=\"https:\/\/leavicens.com\/es_ES\/estadisticas-2018-2\/\"><strong><span style=\"color: #008000;\"><i>VER EST\u00c1DISTICAS EN NUESTRA WEB<\/i><\/span><\/strong><\/a><\/p>\n<p>&nbsp;<\/p>\n<p style=\"text-align: justify;\">L\u00e9a Vicens est n\u00e9e \u00e0 N\u00eemes, son enfance est impr\u00e9gn\u00e9e par les traditions de la Camargue, la \u00abMarisma\u00bb fran\u00e7aise o\u00f9 cohabitent toros et chevaux. Pour ses 4 ans, ses parents lui offrent Ourasi, son premier poney. Plus de 20 ans plus tard, elle fait irruption dans le monde du rejoneo.<\/p>\n<p style=\"text-align: justify;\">Etudiante, elle r\u00e9ussit \u00e0 concilier ses \u00e9tudes de biologie \u00e0 l&#8217; universit\u00e9 de Montpellier avec sa passion pour l&#8217;\u00e9quitation. Elle participe \u00e0 de nombreux concours de travail et en m\u00eame temps que sa licence de biologie, obtient une m\u00e9daille d&#8217;or au championnat de France d&#8217;\u00e9quitation de travail. Lors d&#8217;un voyage en Andalousie, une s\u00e9rie de rencontres vont la rapprocher du monde du toreo \u00e0 cheval.<\/p>\n<p style=\"text-align: justify;\">Le grand Maestro Don Angel Peralta , avec son immense exp\u00e9rience reconna\u00eet imm\u00e9diatement le talent de la jeune fran\u00e7aise. Il lui propose de faire partie de son \u00e9quipe de dresseurs au Ranch El Rocio \u00e0 La Puebla del Rio, dans la province de S\u00e9ville, propri\u00e9t\u00e9 o\u00f9 il \u00e9l\u00e8ve, avec son fr\u00e8re Rafael, des \u00abtoros bravos\u00bb et des chevaux Cartujano. (Don Angel et Don Rafael Peralta sont les pr\u00e9curseurs et les innovateurs de l&#8217;actuel rejoneo). Son intuition, sa sensibilit\u00e9 et son don inn\u00e9 pour le dressage emm\u00e8nent vite L\u00e9a \u00e0 se surpasser. C&#8217;est ainsi que pendant 4 ans, de l&#8217;aube au cr\u00e9puscule, elle va s&#8217;acharner au travail afin de suivre son but : tor\u00e9er \u00e0 cheval. Avec son salaire, elle ach\u00e8te son premier cheval \u00abGacela\u00bb, figure incontestable de son \u00e9curie.<\/p>\n<p style=\"text-align: justify;\">C&#8217;est dans l&#8217;intimit\u00e9 de la \u00abMarisma\u00bb qu&#8217;elle continue aujourd&#8217;hui \u00e0 dresser ses propres chevaux et \u00e0 affiner son \u00abtoreo\u00bb, cr\u00e9ant ainsi un style bien \u00e0 elle bas\u00e9 sur sa personnalit\u00e9.<\/p>\n<p style=\"text-align: justify;\">\u00a0L\u00e9a a sa propre histoire, des objectifs clairs et pr\u00e9cis auxquels elle n&#8217;a jamais renonc\u00e9. Depuis ses premi\u00e8res corridas en 2011, ann\u00e9e o\u00f9 elle devient officiellement \u00abrejoneadora\u00bb, elle continue \u00e0 progresser, acqu\u00e9rant le respect de ses compagnons comme celui des professionnels.<\/p>\n<p style=\"text-align: justify;\">Dot\u00e9e d&#8217;un immense charisme et d&#8217;une forte personnalit\u00e9, elle a r\u00e9ussi \u00e0 atteindre les sommets du rejoneo. Gr\u00e2ce \u00e0 son seul m\u00e9rite, elle est actuellement une figure incontournable de toutes les grandes ferias et triomphe dans les places les plus prestigieuses.<\/p>\n<p style=\"text-align: justify;\">Sa licence de biologie lui aurait ouvert de nombreuses portes, cependant L\u00e9a Vicens a suivi sa vocation. Sa passion pour le toreo \u00e0 cheval est devenue son mode de vie.<\/p>\n<ul>\n<li style=\"text-align: justify;\">En 2016, L\u00e9a Vicens termine sa saison \u00e0 la deuxi\u00e8me place au classement des toreros \u00e0 cheval.<\/li>\n<li style=\"text-align: justify;\">En 2017, L\u00e9a Vicens marque un tournant dans l&#8217;histoire du toreo \u00e0 cheval en se positionnant \u00e0 la premi\u00e8re place.<\/li>\n<li style=\"text-align: justify;\">En 2018 L\u00e9a Vicens pour la deuxi\u00e8me ann\u00e9e cons\u00e9cutive termine premi\u00e8re au classement. Elle triomphe dans des ar\u00e8nes de premi\u00e8re cat\u00e9gorie comme Valencia, Nimes, Bayonne ou Bilbao<\/li>\n<li style=\"text-align: justify;\">En 2019 avec 40 corridas, 69 oreilles et 2 queues L\u00e9a Vicens est lider pour la troisi\u00e8me fois. Le 8 juin, elle est la premi\u00e8re femme de l&#8217;histoire \u00e0 ouvrir la grande porte \u00e0 Madrid pour la feria de la San Isidro et celle qui a coup\u00e9 le plus d&#8217;oreilles dans des ar\u00e8nes de premi\u00e8re cat\u00e9gorie.<\/li>\n<\/ul>\n","protected":false},"excerpt":{"rendered":"<p style=\"text-align: justify;\"><img loading=\"lazy\" class=\"alignleft wp-image-74 size-full\" src=\"https:\/\/leavicens.com\/lvicens\/wp-content\/uploads\/2015\/02\/biografia.png\" alt=\"biografia\" width=\"280\" height=\"400\" \/><\/p>\n<p style=\"text-align: justify;\"><strong>L\u00e9a Vic&#8230;<\/p>\n","protected":false},"author":5,"featured_media":11477,"parent":0,"menu_order":0,"comment_status":"open","ping_status":"open","template":"","meta":[],"_links":{"self":[{"href":"https:\/\/leavicens.com\/es_ES\/wp-json\/wp\/v2\/pages\/18"}],"collection":[{"href":"https:\/\/leavicens.com\/es_ES\/wp-json\/wp\/v2\/pages"}],"about":[{"href":"https:\/\/leavicens.com\/es_ES\/wp-json\/wp\/v2\/types\/page"}],"author":[{"embeddable":true,"href":"https:\/\/leavicens.com\/es_ES\/wp-json\/wp\/v2\/users\/5"}],"replies":[{"embeddable":true,"href":"https:\/\/leavicens.com\/es_ES\/wp-json\/wp\/v2\/comments?post=18"}],"version-history":[{"count":29,"href":"https:\/\/leavicens.com\/es_ES\/wp-json\/wp\/v2\/pages\/18\/revisions"}],"predecessor-version":[{"id":13995,"href":"https:\/\/leavicens.com\/es_ES\/wp-json\/wp\/v2\/pages\/18\/revisions\/13995"}],"wp:featuredmedia":[{"embeddable":true,"href":"https:\/\/leavicens.com\/es_ES\/wp-json\/wp\/v2\/media\/11477"}],"wp:attachment":[{"href":"https:\/\/leavicens.com\/es_ES\/wp-json\/wp\/v2\/media?parent=18"}],"curies":[{"name":"wp","href":"https:\/\/api.w.org\/{rel}","templated":true}]}}

Biografía

<p style="text-align: justify;"><img loading="lazy" class="alignleft wp-image-74 size-full" src="https://leavicens.com/lvicens/wp-content/uploads/2015/02/biografia.png" alt="biografia" width="280" height="400" /></p>
<p style="text-align: justify;"><strong>Léa Vicens</strong>, nació en <strong>Nîmes</strong>, zona amante de las tradiciones, de padres conocedores y respetuosos de estos códigos y rituales que hacen grande esa tierra marismeña de la <strong>Camarga Francesa</strong>, donde conviven toros y caballos autóctonos.</p>
<p style="text-align: justify;">A sus 4 años sus padres le regalaron a <strong><em>Ourasi,</em></strong> su primer pony. Más de 20 años después, <strong>Léa Vicens</strong> irrumpe en el mundo del rejoneo, con el objetivo de refrescar este bello arte ecuestre con su capacidad, personalidad, doma y temple innato.</p>
<p style="text-align: justify;"><strong>Léa Vicens</strong> que es  <strong>Licenciada  en biología</strong> por  la <strong>Universidad de  Montpellier</strong>, compaginó sus estudios con su gran afición. Participó en diversos concursos de labores camperas, hasta conseguir una medalla de <strong>Oro en el Campeonato de Francia de Equitación de Trabajo.</strong></p>
<p style="text-align: justify;">Su intuición y su sensibilidad la convirtieron en una ingeniosa domadora. Esas facilidades le incitarán siempre a progresar más allá de los límites definidos. Una serie de encuentros la acercaron al mundo del campo bravo y del arte del toreo a caballo.</p>
<p style="text-align: justify;">El gran maestro <strong>D. Ángel Peralta</strong> quien, con su larguísima trayectoria y experiencia, supo ver de inmediato el talento que esta joven francesa poseía y le propuso formar parte de su equipo de domadores en el <strong>‘Rancho El Rocío’</strong> en <strong>La Puebla del Río <em>(Sevilla)</em></strong><em>,</em> finca donde pastan sus toros bravos y caballos cartujanos. <strong>D. Ángel Peralta</strong> y su hermano <strong>D. Rafael</strong> son los precursores y renovadores del rejoneo actual.</p>
<p style="text-align: justify;">Ya en Andalucía, durante cuatro años, desde el amanecer hasta el anochecer, se fue ganando sus galones, adquirió con  su trabajo su primer potro <strong><em>Gacela,</em></strong> actualmente figura indiscutible. Domó sus propios caballos, refinó su toreo y forjó un estilo asentado en su personalidad, preparándose en la intimidad de la marisma.</p>
<p style="text-align: justify;"><strong>Léa</strong> tiene su propia historia, sus metas muy claras y siempre ha llevado por delante la fidelidad a sí misma. Desde su primera temporada en 2011, donde oficialmente se convirtió en rejoneadora, <strong>Léa</strong> no ha dejado de crecer alcanzando el respeto de compañeros y profesionales.</p>
<p style="text-align: justify;">Dotada de un gran carisma y una acusada personalidad, ha logrado llegar a lo más alto del rejoneo y se ha convertido por mérito propio en figura indispensable en todas las ferias del gran circuito, triunfando con fuerza en todas las plazas de prestigio.</p>
<p style="text-align: justify;"><strong>Léa Vicens</strong> ha hecho del rejoneo su forma de vida. Y ha sido por pura vocación, pues su licenciatura en Biología bien podría haberle permitido tomar otros caminos. Sin embargo, su amor al toreo a caballo hace tiempo que pudo con todo.</p>
<ul style="text-align: justify;">
<li>En <strong>2016</strong>, <strong>Léa Vicens</strong> finalizó su exitosa temporada en <strong>‘Segundo lugar del Escalafón’.</strong></li>
</ul>
<ul style="text-align: justify;">
<li>En <strong>2017,</strong> <strong>Léa Vicens</strong>, marcó un nuevo <strong>‘Hito’</strong> en la <strong>‘Historia del Rejoneo’</strong>, al proclamarse <strong>‘Lider del Escalafón’.</strong></li>
</ul>
<p style="text-align: justify;">La temporada<strong> 2017</strong> es una cumbre en su carrera por la evolución en su toreo y rotundidad en el triunfo. Sin duda, un pedazo de historia quedó en <strong>Istres</strong> cuando <strong>indultó a un toro </strong>de la ganadería <strong>‘El Capea’</strong>, era la segunda vez de la historia que se producía un indulto en el toreo a caballo.</p>
<ul style="text-align: justify;">
<li>En <strong>2018</strong>, <strong>Léa Vicens,</strong>  por <strong>‘Segundo año consecutivo acaba 1ª del Escalafón’</strong>.</li>
</ul>
<p style="text-align: justify;"><strong>Léa</strong> logró grandes triunfos en escenarios de primera magnitud como <strong>Valencia, Nimes, Bayona</strong> y <strong>Bilbao</strong> entro otras muchas.</p>
<ul style="text-align: justify;">
<li>En <strong>2019</strong>, <strong>Léa Vicens</strong>,  por <strong>‘Tercer año consecutivo, Lider del Escalafón’</strong>, con 40 festejos, 69 orejas y 2 rabos.</li>
</ul>
<p style="text-align: justify;">El pasado 8 de junio, <strong>Léa Vicens</strong> consiguió abrir la <strong>Puerta Grande de Madrid:</strong> <strong>Primera mujer de la historia en la Feria de San Isidro</strong>  y además, <strong>el torero a caballo</strong> que <strong>más orejas cortó en plazas de primera categoría.</strong></p>
<p style="text-align: justify;"><em>“Determinación y raza han convertido a esta amazona rejoneadora en la primera mujer de la historia en liderar tres años seguidos el escalafón del toreo a caballo. Léa Vicens triunfa entre los grandes”.</em></p>
<p>&nbsp;</p>
<p><a href="https://leavicens.com/es_ES/estadisticas-2018-2/"><strong><span style="color: #008000;"><i>VER ESTÁDISTICAS EN NUESTRA WEB</i></span></strong></a></p>
<p>&nbsp;</p>
<p style="text-align: justify;">Léa Vicens est née à Nîmes, son enfance est imprégnée par les traditions de la Camargue, la «Marisma» française où cohabitent toros et chevaux. Pour ses 4 ans, ses parents lui offrent Ourasi, son premier poney. Plus de 20 ans plus tard, elle fait irruption dans le monde du rejoneo.</p>
<p style="text-align: justify;">Etudiante, elle réussit à concilier ses études de biologie à l&#8217; université de Montpellier avec sa passion pour l&#8217;équitation. Elle participe à de nombreux concours de travail et en même temps que sa licence de biologie, obtient une médaille d&#8217;or au championnat de France d&#8217;équitation de travail. Lors d&#8217;un voyage en Andalousie, une série de rencontres vont la rapprocher du monde du toreo à cheval.</p>
<p style="text-align: justify;">Le grand Maestro Don Angel Peralta , avec son immense expérience reconnaît immédiatement le talent de la jeune française. Il lui propose de faire partie de son équipe de dresseurs au Ranch El Rocio à La Puebla del Rio, dans la province de Séville, propriété où il élève, avec son frère Rafael, des «toros bravos» et des chevaux Cartujano. (Don Angel et Don Rafael Peralta sont les précurseurs et les innovateurs de l&#8217;actuel rejoneo). Son intuition, sa sensibilité et son don inné pour le dressage emmènent vite Léa à se surpasser. C&#8217;est ainsi que pendant 4 ans, de l&#8217;aube au crépuscule, elle va s&#8217;acharner au travail afin de suivre son but : toréer à cheval. Avec son salaire, elle achète son premier cheval «Gacela», figure incontestable de son écurie.</p>
<p style="text-align: justify;">C&#8217;est dans l&#8217;intimité de la «Marisma» qu&#8217;elle continue aujourd&#8217;hui à dresser ses propres chevaux et à affiner son «toreo», créant ainsi un style bien à elle basé sur sa personnalité.</p>
<p style="text-align: justify;"> Léa a sa propre histoire, des objectifs clairs et précis auxquels elle n&#8217;a jamais renoncé. Depuis ses premières corridas en 2011, année où elle devient officiellement «rejoneadora», elle continue à progresser, acquérant le respect de ses compagnons comme celui des professionnels.</p>
<p style="text-align: justify;">Dotée d&#8217;un immense charisme et d&#8217;une forte personnalité, elle a réussi à atteindre les sommets du rejoneo. Grâce à son seul mérite, elle est actuellement une figure incontournable de toutes les grandes ferias et triomphe dans les places les plus prestigieuses.</p>
<p style="text-align: justify;">Sa licence de biologie lui aurait ouvert de nombreuses portes, cependant Léa Vicens a suivi sa vocation. Sa passion pour le toreo à cheval est devenue son mode de vie.</p>
<ul>
<li style="text-align: justify;">En 2016, Léa Vicens termine sa saison à la deuxième place au classement des toreros à cheval.</li>
<li style="text-align: justify;">En 2017, Léa Vicens marque un tournant dans l&#8217;histoire du toreo à cheval en se positionnant à la première place.</li>
<li style="text-align: justify;">En 2018 Léa Vicens pour la deuxième année consécutive termine première au classement. Elle triomphe dans des arènes de première catégorie comme Valencia, Nimes, Bayonne ou Bilbao</li>
<li style="text-align: justify;">En 2019 avec 40 corridas, 69 oreilles et 2 queues Léa Vicens est lider pour la troisième fois. Le 8 juin, elle est la première femme de l&#8217;histoire à ouvrir la grande porte à Madrid pour la feria de la San Isidro et celle qui a coupé le plus d&#8217;oreilles dans des arènes de première catégorie.</li>
</ul>

<p style="text-align: justify;"><img loading="lazy" class="alignleft wp-image-74 size-full" src="https://leavicens.com/lvicens/wp-content/uploads/2015/02/biografia.png" alt="biografia" width="280" height="400" /></p>
<p style="text-align: justify;"><strong>Léa Vic&#8230;</p>
